23240?
123224
In base 10, what is 7021 - -8?
7029
In base 2, what is -11101011 - -10011011111?
1111110100
In base 7, what is -12505556 - 1?
-12505560
In base 16, what is 154 + -2e1?
-18d
In base 3, what is -20 + -12021121112?
-12021121202
In base 2, what is -101100100 + 111111010010?
111001101110
In base 4, what is -10031 - 31302?
-101333
In base 7, what is 11542 + -2?
11540
In base 14, what is 1bc9 + -11?
1bb8
In base 9, what is -3754 + 43?
-3711
In base 12, what is 6 - -764a3?
764a9
In base 7, what is -4 - 66131?
-66135
In base 3, what is -2002101 - -122?
-2001202
In base 15, what is 5 - 2b6e9?
-2b6e4
In base 3, what is -1 - -1011122212211?
1011122212210
In base 3, what is 2 - 110210222?
-110210220
In base 12, what is 4a3 + -3260?
-2979
In base 9, what is -1 + 2001?
2000
In base 10, what is -113604 - -3?
-113601
In base 8, what is -177431 - -1?
-177430
In base 15, what is 2359a2 - -3?
2359a5
In base 6, what is -2534 + -5325?
-12303
In base 11, what is -8 + 72a7?
729a
In base 7, what is -26 - -12161?
12132
In base 3, what is 211202 - 2112?
202020
In base 6, what is 132100334 - 4?
132100330
In base 4, what is -1103212 + 10?
-1103202
In base 15, what is -250696 - 1?
-250697
In base 8, what is 31 - -253100?
253131
In base 16, what is 3 - -bee37?
bee3a
In base 5, what is -2314100 + 0?
-2314100
In base 8, what is 111 - -2034?
2145
In base 10, what is -17 - 325?
-342
In base 14, what is -274 + 6d?
-205
In base 15, what is -1d + -15aa7?
-15ac5
In base 9, what is 264530 + 13?
264543
In base 10, what is 16207 - -34?
16241
In base 6, what is -1 - -11435100?
11435055
In base 5, what is -23301114 + -3?
-23301122
In base 14, what is 16c + 221?
38d
In base 13, what is -142587 - 1?
-142588
In base 8, what is -3257 - 54?
-3333
In base 4, what is -1 + 10133232?
10133231
In base 2, what is -1111000111001 + 11100010?
-1110101010111
In base 2, what is 110010 - -11000001000?
11000111010
In base 11, what is -11206 + 0?
-11206
In base 12, what is -727 + 68?
-67b
In base 2, what is 1111110111111 + 10011?
1111111010010
In base 8, what is -340527 + 36?
-340471
In base 5, what is 0 + -301021?
-301021
In base 9, what is 168108 + 3?
168112
In base 11, what is 600293 + 0?
600293
In base 7, what is 2 + -102416?
-102414
In base 5, what is -103424 + 10?
-103414
In base 15, what is 6c6 + 5?
6cb
In base 15, what is 385d - 18?
3845
In base 8, what is 2152721 - -13?
2152734
In base 3, what is -121211022110 + -101?
-121211022211
In base 12, what is -6b + -2491?
-2540
In base 11, what is -3 + -1483a?
-14842
In base 13, what is 4b950 + 9?
4b959
In base 2, what is 1000 + 101011100001001011?
101011100001010011
In base 8, what is 0 - 1063126?
-1063126
In base 2, what is -110000100 - -1011011110111?
1010101110011
In base 5, what is -1003 + -221400?
-222403
In base 12, what is -1b272 + 2?
-1b270
In base 14, what is -2406a - -b?
-2405d
In base 2, what is 10110000000 + 10?
10110000010
In base 2, what is 101 - -10000000011?
10000001000
In base 12, what is 3 + 44996?
44999
In base 6, what is 431151 - 0?
431151
In base 5, what is -321 - -2003203?
2002332
In base 5, what is 214 - -11431?
12200
In base 9, what is 23830 - 11?
23818
In base 5, what is 24121221 + 22?
24121243
In base 6, what is -3 - 1223035?
-1223042
In base 15, what is -8a + 22?
-68
In base 7, what is -154 + 1014?
530
In base 6, what is -132 - -3411?
3235
In base 10, what is -37043 - -65?
-36978
In base 3, what is 1121210212120 - -2?
1121210212122
In base 6, what is 1131434 + 10?
1131444
In base 11, what is -116 + -59a?
-705
In base 9, what is -5 - -22553?
22547
In base 16, what is -5 + -27b00?
-27b05
In base 3, what is -12 - -1122000020?
1122000001
In base 10, what is 202206 - -5?
202211
In base 13, what is 15 - -1564?
1579
In base 4, what is 11 - -2310112?
2310123
In base 14, what is 26c57 + -d?
26c48
In base 6, what is 540401 - -11?
540412
In base 7, what is 603 - 6433?
-5530
In base 6, what is -2425 + -2240?
-5105
In base 13, what is 176982 + 0?
176982
In base 14, what is -4 - 715a?
-7160
In base 16, what is eba + 9?
ec3
In base 15, what is b6a + 18b?
d06
In base 5, what is 12 - -24224140?
24224202
In base 11, what is 1131 + -242?
99a
In base 4, what is 0 - -3210213?
3210213
In base 16, what is 59 + c?
65
In base 16, what is -ffc8 + -4?
-ffcc
In base 9, what is -654 + -3245?
-4010
In base 16, what is 5bf5 + 1?
5bf6
In base 8, what is -2 + 1133136?
1133134
In base 13, what is 7739 - a?
772c
In base 6, what is -42232451 - -5?
-42232442
In base 15, what is 805 - 13?
7e2
In base 6, what is 14 - 44313?
-44255
In base 4, what is 132003101 + 3?
132003110
In base 14, what is 48 + -9ac?
-964
In base 14, what is 210a87 + 2?
210a89
In base 10, what is -3608 + -15?
-3623
In base 2, what is 1010 + 10001010111011?
10001011000101
In base 2, what is 1101100010010100010 - -101?
1101100010010100111
In base 14, what is 1 - 54dc3?
-54dc2
In base 6, what is 20 + 20431220?
20431240
In base 13, what is 20618 + 3?
2061b
In base 4, what is -11 - 3312021013?
-3312021030
In base 10, what is 643 + 79?
722
In base 14, what is 7 + -a04ab?
-a04a4
In base 2, what is 1000 - -100000001010010?
100000001011010
In base 10, what is 1 - -61941?
61942
In base 8, what is -124622 - -14?
-124606
In base 12, what is -3 + -26032?
-26035
In base 16, what is -3931 + 97?
-389a
In base 15, what is a + 27761?
2776b
In base 2, what is 1000000 - -1001000000001010?
1001000001001010
In base 16, what is -33bf - 2?
-33c1
In base 5, what is 13032 - -144?
13231
In base 2, what is 110100 - 1000011001?
-111100101
In base 14, what is -1a + -bb98?
-bbb4
In base 13, what is 10b0a + -17?
10ac3
In base 14, what is -19 - 6b376?
-6b391
In base 8, what is -1605620 - 4?
-1605624
In base 6, what is -1330 + 125?
-1201
In base 9, what is 138186 - -6?
138203
In base 8, what is -2 - -4500?
4476
In base 11, what is -12a97 - -2?
-12a95
In base 2, what is -101100011001 - 100011011011?
-1001111110100
In base 9, what is -64166 - 1?
-64167
In base 9, what is 53106 + 7?
53114
In base 11, what is -8 - -860?
853
In base 4, what is 3132012002 + 12?
3132012020
In base 11, what is -3020 - 434?
-3454
In base 16, what is 4d084 + -5?
4d07f
In base 12, what is 1447 + -9?
143a
In base 7, what is 401 + 3000?
3401
In base 5, what is -1 + -143124?
-143130
In base 15, what is 1a0 - d7?
b8
In base 8, what is -17 - 52511?
-52530
In base 13, what is -10 + 9740c?
973cc
In base 10, what is -422769 + 4?
-422765
In base 13, what is 6 - -247b?
2484
In base 4, what is -23 + 20111323?
20111300
In base 14, what is 6aa - 53?
657
In base 5, what is 34 + 1320300?
1320334
In base 6, what is 2 + 11053?
11055
In base 9, what is 5 - 308548?
-308543
In base 7, what is 65621 - 4?
65614
In base 12, what is -617908 - -3?
-617905
In base 15, what is -69a - 4?
-69e
In base 7, what is -3 - -2066112?
2066106
In base 10, what is 496 - 45?
451
In base 5, what is 1132031200 - -3?
1132031203
In base 6, what is 423 - -1005?
1432
In base 6, what is -4140 + 53?
-4043
In base 4, what is -10320301 - -31?
-10320210
In base 15, what is 12ab9a + 2?
12ab9c
In base 7, what is 1 + -11262?
-11261
In base 12, what is 743 + -35?
70a
In base 10, what is 9213 - 36?
9177
In base 2, what is -1101011111111 - -1001101?
-1101010110010
In base 3, what is 202021222110 - -12?
202021222122
In base 7, what is -20444 + 1055?
-16356
In base 8, what is 1 + 616737?
616740
In base 6, what is -1222253 + -120?
-1222413
In base 6, what is 134404 - 14?
134350
In base 10, what is 16 - 4568?
-4552
In base 14, what is 186 - 4c?
138
In base 14, what is 4 + -7722?
-771c
In base 16, what is e4 - -1f8?
2dc
In base 13, what is -101 - 14aa?
-15ab
In base 3, what is 10 + 11112012?
11112022
In base 15, what is 26 + 3711?
3737
In base 14, what is 22 - 140d?
-13cb
In base 2, what is 101010 + -10101001000?
-10100011110
In base 3, what is -10 - -200222021022?
200222021012
In base 15, what is -18885 + 1?
-18884
In base 11, what is -1 - 33681?
-33682
In base 5, what is -121044 + -202?
-121301
In base 13, what is -b55 + -1?
-b56
In base 10, what is 594804 + -5?
594799
In base 13, what is -11a - -a7?
-43
In base 15, what is 19 + -4ae?
-495
In base 10, what is -4 + 150206?
150202
In base 8, what is -2152 - 452?
-2624
In base 8, what is 3 + -5346?
-5343
In base 9, what is 53 - 8042?
-7878
In base 